6
Convert 33 (base 6) to base 4.
111
Convert -123 (base 5) to base 16.
-26
What is -7 (base 10) in base 2?
-111
Convert -5 (base 7) to base 13.
-5
Convert -149 (base 12) to base 11.
-173
12 (base 9) to base 7
14
2a (base 14) to base 3
1102
-5 (base 10) to base 9
-5
What is 3110 (base 4) in base 5?
1322
130 (base 4) to base 16
1c
26 (base 7) to base 4
110
What is 4 (base 8) in base 10?
4
What is -1 (base 12) in base 5?
-1
What is -2c (base 13) in base 2?
-100110
Convert a9 (base 16) to base 10.
169
-10 (base 15) to base 12
-13
-15 (base 6) to base 7
-14
0 (base 12) to base 15
0
What is 2 (base 10) in base 11?
2
-7 (base 13) to base 11
-7
4 (base 6) to base 13
4
Convert 2 (base 4) to base 7.
2
Convert 1134 (base 5) to base 7.
331
Convert 2010 (base 4) to base 8.
204
Convert -64 (base 12) to base 16.
-4c
What is -2112 (base 3) in base 8?
-104
Convert 0 (base 7) to base 8.
0
-251 (base 6) to base 8
-147
Convert 450 (base 8) to base 5.
2141
What is 7 (base 13) in base 7?
10
-5 (base 10) to base 13
-5
Convert 3 (base 7) to base 16.
3
4 (base 6) to base 2
100
What is -202 (base 3) in base 9?
-22
Convert -1 (base 11) to base 14.
-1
What is -1 (base 5) in base 4?
-1
Convert -82 (base 12) to base 13.
-77
-1201 (base 5) to base 2
-10110000
What is -30 (base 5) in base 7?
-21
10 (base 6) to base 2
110
1 (base 5) to base 4
1
Convert -2 (base 11) to base 5.
-2
-353 (base 6) to base 9
-166
3 (base 6) to base 11
3
What is -4 (base 7) in base 3?
-11
Convert -11 (base 4) to base 16.
-5
What is -2 (base 6) in base 5?
-2
9 (base 12) to base 13
9
What is 11 (base 5) in base 14?
6
What is -5b (base 13) in base 7?
-136
What is a5 (base 14) in base 16?
91
What is 0 (base 9) in base 16?
0
Convert 3 (base 8) to base 9.
3
What is -2 (base 5) in base 2?
-10
Convert -5c (base 15) to base 3.
-10020
Convert 15 (base 8) to base 2.
1101
-14 (base 15) to base 10
-19
What is 148 (base 14) in base 10?
260
What is 154 (base 6) in base 4?
1012
What is -5 (base 12) in base 3?
-12
10010000 (base 2) to base 12
100
9 (base 10) to base 16
9
What is -11 (base 13) in base 16?
-e
What is 0 (base 8) in base 12?
0
What is -40 (base 7) in base 6?
-44
What is -12 (base 5) in base 7?
-10
Convert -21 (base 9) to base 6.
-31
-2 (base 5) to base 9
-2
20 (base 5) to base 11
a
1010 (base 2) to base 7
13
Convert -2 (base 5) to base 12.
-2
Convert 1001 (base 2) to base 13.
9
20212 (base 3) to base 9
225
Convert -10001 (base 3) to base 2.
-1010010
What is 29 (base 12) in base 8?
41
Convert 27 (base 16) to base 3.
1110
What is -10201 (base 3) in base 16?
-64
-40 (base 14) to base 15
-3b
Convert 110 (base 2) to base 4.
12
What is -1 (base 7) in base 14?
-1
Convert 1001011 (base 2) to base 9.
83
Convert 21 (base 3) to base 6.
11
Convert -12a (base 15) to base 12.
-1a1
-34 (base 9) to base 14
-23
Convert 4 (base 10) to base 16.
4
Convert 104 (base 6) to base 2.
101000
20 (base 3) to base 6
10
What is -1 (base 13) in base 12?
-1
Convert 5 (base 9) to base 12.
5
Convert -4 (base 16) to base 9.
-4
Convert -10010 (base 2) to base 12.
-16
What is 15 (base 14) in base 6?
31
What is 0 (base 10) in base 13?
0
131 (base 16) to base 3
102022
2 (base 5) to base 4
2
2 (base 5) to base 2
10
-a (base 16) to base 12
-a
What is 13 (base 7) in base 4?
22
Convert 10 (base 3) to base 8.
3
What is -1111 (base 4) in base 2?
-1010101
What is -111011 (base 2) in base 11?
-54
Convert -1000 (base 2) to base 4.
-20
Convert 2021 (base 3) to base 9.
67
1 (base 3) to base 8
1
Convert -73 (base 13) to base 4.
-1132
Convert -c (base 14) to base 12.
-10
-2 (base 13) to base 11
-2
What is -4 (base 14) in base 12?
-4
Convert 11 (base 5) to base 7.
6
53 (base 11) to base 7
112
Convert -21 (base 8) to base 3.
-122
What is 3 (base 16) in base 15?
3
2010 (base 3) to base 12
49
10 (base 6) to base 16
6
-1010100 (base 2) to base 8
-124
Convert -1 (base 16) to base 12.
-1
What is 1 (base 11) in base 13?
1
What is 1 (base 15) in base 3?
1
Convert 3 (base 12) to base 11.
3
What is 64 (base 10) in base 14?
48
-6 (base 10) to base 14
-6
Convert 1200 (base 3) to base 4.
231
-22 (base 6) to base 14
-10
What is -8 (base 12) in base 9?
-8
Convert 31 (base 4) to base 13.
10
Convert -16 (base 12) to base 2.
-10010
1 (base 5) to base 14
1
1 (base 12) to base 8
1
-8 (base 9) to base 16
-8
Convert -24 (base 16) to base 8.
-44
What is -3 (base 11) in base 9?
-3
What is 3 (base 16) in base 5?
3
10000 (base 2) to base 11
15
Convert 0 (base 13) to base 9.
0
What is 2 (base 6) in base 12?
2
Convert -2 (base 7) to base 10.
-2
2 (base 15) to base 5
2
Convert -41 (base 5) to base 15.
-16
What is 116 (base 8) in base 5?
303
-1 (base 7) to base 13
-1
-1 (base 5) to base 12
-1
Convert 2 (base 16) to base 13.
2
-1 (base 13) to base 12
-1
10100 (base 3) to base 8
132
-1000011 (base 2) to base 6
-151
What is 1 (base 13) in base 10?
1
2 (base 5) to base 9
2
Convert 61 (base 10) to base 16.
3d
121 (base 3) to base 10
16
What is -3 (base 10) in base 2?
-11
What is 29 (base 12) in base 9?
36
What is -275 (base 8) in base 2?
-10111101
What is 17 (base 14) in base 10?
21
Convert -2 (base 4) to base 8.
-2
Convert 298 (base 10) to base 11.
251
What is -68 (base 9) in base 11?
-57
Convert 1 (base 3) to base 15.
1
Convert 134 (base 13) to base 11.
183
Convert 3 (base 11) to base 5.
3
Convert 9 (base 13) to base 16.
9
What is -3 (base 16) in base 12?
-3
What is -3 (base 9) in base 2?
-11
0 (base 12) to base 16
0
1 (base 13) to base 3
1
Convert -3 (base 4) to base 14.
-3
Convert c (base 13) to base 9.
13
What is -1 (base 13) in base 15?
-1
Convert 6 (base 9) to base 2.
110
What is -1 (base 12) in base 4?
-1
-8 (base 15) to base 2
-1000
Convert -143 (base 9) to base 15.
-80
What is 11 (base 4) in base 14?
5
-12 (base 4) to base 13
-6
-3200 (base 4) to base 9
-268
-94 (base 10) to base 13
-73
What is 6 (base 8) in base 6?
10
6 (base 15) to base 14
6
-41 (base 5) to base 9
-23
What is -2 (base 8) in base 3?
-2
66 (base 16) to base 13
7b
Convert -87 (base 16) to base 5.
-1020
Convert -154 (base 6) to base 5.
-240
274 (base 8) to base 11
161
8 (base 12) to base 14
8
What is -12 (base 13) in base 15?
-10
Convert 10001 (base 2) to base 11.
16
Convert 52 (base 12) to base 14.
46
-88 (base 15) to base 3
-11202
Convert 101 (base 3) to base 5.
20
Convert -26 (base 9) to base 2.
-11000
Convert -25 (base 6) to base 2.
-10001
-28 (base 10) to base 4
-130
Convert -2b (base 13) to base 8.
-45
Convert 160 (base 9) to base 16.
87
-1101010 (base 2) to base 7
-211
Convert 33 (base 8) to base 5.
102
What is -4 (base 16) in base 10?
-4
What is 166 (base 9) in base 12?
b9
0 (base 10) to base 14
0
Convert 1120 (base 3) to base 4.
222
Convert -1015 (base 6) to base 9.
-272
What is -2 (base 9) in base 6?
-2
Convert 2021 (base 3) to base 14.
45
Convert 7 (base 12) to base 4.
13
Convert -1 (base 14) to base 2.
-1
What is 4 (base 5) in base 16?
4
Convert -13 (base 9) to base 2.
-1100
What is 21 (base 13) in base 12?
23
165 (base 9) to base 3
12012
-1 (base 10) to base 14
-1
10 (base 3) to base 11
3
Convert 4 (base 9) to base 4.
10
What is -20 (base 3) in base 12?
-6
What is -27 (base 16) in base 15?
-29
-166 (base 8) to base 4
-1312
What is -503 (base 8) in base 4?
-11003
101111000 (base 2) to base 15
1a1
3 (base 12) to base 14
3
27 (base 11) to base 6
45
1011 (base 3) to base 4
133
16 (base 7) to base 8
15
-1102 (base 4) to base 7
-145
What is -5 (base 10) in base 8?
-5
What is 2 (base 9) in base 11?
2
-11201 (base 3) to base 13
-9a
What is -106 (base 14) in base 13?
-127
-235 (base 8) to base 4
-2131
What is 1 (base 7) in base 9?
1
-3 (base 16) to base 14
-3
11 (base 10) to base 2
1011
-133 (base 6) to base 2
-111001
What is 100011 (base 2) in base 4?
203
What is -3 (base 7) in base 12?
-3
16 (base 14) to base 6
32
What is -7 (base 16) in base 5?
-12
-2 (base 5) to base 8
-2
What is 78 (base 11) in base 6?
221
What is -48 (base 12) in base 14?
-40
Convert -11 (base 4) to base 11.
-5
What is -23 (base 5) in base 16?
-d
What is -2 (base 9) in base 4?
-2
What is 22 (base 3) in base 9?
8
Convert -36 (base 9) to base 15.
-23
Convert 20 (base 4) to base 13.
8
-1 (base 11) to base 6
-1
Convert -156 (base 9) to base 15.
-8c
-4 (base 15) to base 5
-4
Convert 4 (base 15) to base 10.
4
2 (base 13) to base 6
2
17 (ba